{"id":745,"date":"2023-09-05T20:38:04","date_gmt":"2023-09-05T20:38:04","guid":{"rendered":"https:\/\/ruge-reisen-hamburg.de\/?page_id=745"},"modified":"2023-09-05T21:38:23","modified_gmt":"2023-09-05T21:38:23","slug":"cote-dazur-traumgaerten-an-der-blauen-kueste-02-05-08-05-2023","status":"publish","type":"page","link":"https:\/\/ruge-reisen-hamburg.de\/?page_id=745","title":{"rendered":"C\u00f4te d\u2019Azur &#8211; Traumg\u00e4rten an der blauen K\u00fcste (02.05.-08.05.2023)"},"content":{"rendered":"\n<p>F\u00fcr den\u00a0<strong>Wonnemonat Mai<\/strong>\u00a0haben wir f\u00fcr Sie eine\u00a0<strong>exklusive Leserreise<\/strong>\u00a0im Angebot, die\u00a0gemeinsam mit dem Journal\u00a0<strong>\u201eWohnen &amp; Garten\u201c<\/strong>\u00a0durchgef\u00fchrt wird.<\/p>\n\n\n\n<div class=\"wp-block-columns is-layout-flex wp-container-core-columns-is-layout-9d6595d7 wp-block-columns-is-layout-flex\">\n<div class=\"wp-block-column is-layout-flow wp-block-column-is-layout-flow\">\n<figure class=\"wp-block-image size-large\"><img fetchpriority=\"high\" decoding=\"async\" width=\"1024\" height=\"768\" src=\"http:\/\/ruge-reisen-hamburg.de\/wp-content\/uploads\/2023\/08\/Jardin-Exotique-Eze-2-1024x768.jpg\" alt=\"\" class=\"wp-image-666\" style=\"aspect-ratio:1;object-fit:cover\" srcset=\"https:\/\/ruge-reisen-hamburg.de\/wp-content\/uploads\/2023\/08\/Jardin-Exotique-Eze-2-1024x768.jpg 1024w, https:\/\/ruge-reisen-hamburg.de\/wp-content\/uploads\/2023\/08\/Jardin-Exotique-Eze-2-300x225.jpg 300w, https:\/\/ruge-reisen-hamburg.de\/wp-content\/uploads\/2023\/08\/Jardin-Exotique-Eze-2-768x576.jpg 768w, https:\/\/ruge-reisen-hamburg.de\/wp-content\/uploads\/2023\/08\/Jardin-Exotique-Eze-2-1536x1152.jpg 1536w, https:\/\/ruge-reisen-hamburg.de\/wp-content\/uploads\/2023\/08\/Jardin-Exotique-Eze-2-2048x1536.jpg 2048w, https:\/\/ruge-reisen-hamburg.de\/wp-content\/uploads\/2023\/08\/Jardin-Exotique-Eze-2-1200x900.jpg 1200w\" sizes=\"(max-width: 709px) 85vw, (max-width: 909px) 67vw, (max-width: 1362px) 62vw, 840px\" \/><\/figure>\n<\/div>\n\n\n\n<div class=\"wp-block-column is-layout-flow wp-block-column-is-layout-flow\">\n<figure class=\"wp-block-image size-large\"><img decoding=\"async\" width=\"1024\" height=\"768\" src=\"http:\/\/ruge-reisen-hamburg.de\/wp-content\/uploads\/2023\/08\/Nizza-Blick-auf-die-Kueste-1-1024x768.jpg\" alt=\"\" class=\"wp-image-673\" style=\"aspect-ratio:1;object-fit:cover\" srcset=\"https:\/\/ruge-reisen-hamburg.de\/wp-content\/uploads\/2023\/08\/Nizza-Blick-auf-die-Kueste-1-1024x768.jpg 1024w, https:\/\/ruge-reisen-hamburg.de\/wp-content\/uploads\/2023\/08\/Nizza-Blick-auf-die-Kueste-1-300x225.jpg 300w, https:\/\/ruge-reisen-hamburg.de\/wp-content\/uploads\/2023\/08\/Nizza-Blick-auf-die-Kueste-1-768x576.jpg 768w, https:\/\/ruge-reisen-hamburg.de\/wp-content\/uploads\/2023\/08\/Nizza-Blick-auf-die-Kueste-1-1536x1152.jpg 1536w, https:\/\/ruge-reisen-hamburg.de\/wp-content\/uploads\/2023\/08\/Nizza-Blick-auf-die-Kueste-1-2048x1536.jpg 2048w, https:\/\/ruge-reisen-hamburg.de\/wp-content\/uploads\/2023\/08\/Nizza-Blick-auf-die-Kueste-1-1200x900.jpg 1200w\" sizes=\"(max-width: 709px) 85vw, (max-width: 909px) 67vw, (max-width: 1362px) 62vw, 840px\" \/><\/figure>\n<\/div>\n\n\n\n<div class=\"wp-block-column is-layout-flow wp-block-column-is-layout-flow\">\n<figure class=\"wp-block-image size-large\"><img decoding=\"async\" width=\"1024\" height=\"768\" src=\"http:\/\/ruge-reisen-hamburg.de\/wp-content\/uploads\/2023\/08\/Nizza-Motiv-Innenstadt-2-1024x768.jpg\" alt=\"\" class=\"wp-image-677\" style=\"aspect-ratio:1;object-fit:cover\" srcset=\"https:\/\/ruge-reisen-hamburg.de\/wp-content\/uploads\/2023\/08\/Nizza-Motiv-Innenstadt-2-1024x768.jpg 1024w, https:\/\/ruge-reisen-hamburg.de\/wp-content\/uploads\/2023\/08\/Nizza-Motiv-Innenstadt-2-300x225.jpg 300w, https:\/\/ruge-reisen-hamburg.de\/wp-content\/uploads\/2023\/08\/Nizza-Motiv-Innenstadt-2-768x576.jpg 768w, https:\/\/ruge-reisen-hamburg.de\/wp-content\/uploads\/2023\/08\/Nizza-Motiv-Innenstadt-2-1536x1152.jpg 1536w, https:\/\/ruge-reisen-hamburg.de\/wp-content\/uploads\/2023\/08\/Nizza-Motiv-Innenstadt-2-2048x1536.jpg 2048w, https:\/\/ruge-reisen-hamburg.de\/wp-content\/uploads\/2023\/08\/Nizza-Motiv-Innenstadt-2-1200x900.jpg 1200w\" sizes=\"(max-width: 709px) 85vw, (max-width: 909px) 67vw, (max-width: 1362px) 62vw, 840px\" \/><\/figure>\n<\/div>\n<\/div>\n\n\n\n<p>Genie\u00dfen Sie im\u00a0<strong>Fr\u00fchling<\/strong>\u00a0das Flair der\u00a0<strong>franz\u00f6sischen Riviera<\/strong>\u00a0im zauberhaften Licht und entdecken Sie traumhafte mediterrane Landschaften, ber\u00fchmte und private\u00a0<strong>Gartenparadiese<\/strong>\u00a0sowie bekannte St\u00e4dte und malerische D\u00f6rfer, die schon viele K\u00fcnstler inspirierten.\u00a0<strong>Erleben Sie franz\u00f6sische Lebensart von seiner sch\u00f6nsten Seite und mit allen Sinnen.<\/strong><\/p>\n\n\n\n<div class=\"wp-block-columns is-layout-flex wp-container-core-columns-is-layout-9d6595d7 wp-block-columns-is-layout-flex\">\n<div class=\"wp-block-column is-layout-flow wp-block-column-is-layout-flow\">\n<figure class=\"wp-block-image size-large\"><img loading=\"lazy\" decoding=\"async\" width=\"768\" height=\"1024\" src=\"http:\/\/ruge-reisen-hamburg.de\/wp-content\/uploads\/2023\/08\/Cannes-Ansicht-Yachthafen-1-768x1024.jpg\" alt=\"\" class=\"wp-image-665\" style=\"aspect-ratio:1;object-fit:cover\" srcset=\"https:\/\/ruge-reisen-hamburg.de\/wp-content\/uploads\/2023\/08\/Cannes-Ansicht-Yachthafen-1-768x1024.jpg 768w, https:\/\/ruge-reisen-hamburg.de\/wp-content\/uploads\/2023\/08\/Cannes-Ansicht-Yachthafen-1-225x300.jpg 225w, https:\/\/ruge-reisen-hamburg.de\/wp-content\/uploads\/2023\/08\/Cannes-Ansicht-Yachthafen-1-1152x1536.jpg 1152w, https:\/\/ruge-reisen-hamburg.de\/wp-content\/uploads\/2023\/08\/Cannes-Ansicht-Yachthafen-1-1536x2048.jpg 1536w, https:\/\/ruge-reisen-hamburg.de\/wp-content\/uploads\/2023\/08\/Cannes-Ansicht-Yachthafen-1-1200x1600.jpg 1200w, https:\/\/ruge-reisen-hamburg.de\/wp-content\/uploads\/2023\/08\/Cannes-Ansicht-Yachthafen-1-scaled.jpg 1920w\" sizes=\"(max-width: 768px) 85vw, 768px\" \/><\/figure>\n<\/div>\n\n\n\n<div class=\"wp-block-column is-layout-flow wp-block-column-is-layout-flow\">\n<figure class=\"wp-block-image size-large\"><img loading=\"lazy\" decoding=\"async\" width=\"1024\" height=\"768\" src=\"http:\/\/ruge-reisen-hamburg.de\/wp-content\/uploads\/2023\/08\/Villa-Ephrussi-de-Rothschild-9-1024x768.jpg\" alt=\"\" class=\"wp-image-681\" style=\"aspect-ratio:1;object-fit:cover\" srcset=\"https:\/\/ruge-reisen-hamburg.de\/wp-content\/uploads\/2023\/08\/Villa-Ephrussi-de-Rothschild-9-1024x768.jpg 1024w, https:\/\/ruge-reisen-hamburg.de\/wp-content\/uploads\/2023\/08\/Villa-Ephrussi-de-Rothschild-9-300x225.jpg 300w, https:\/\/ruge-reisen-hamburg.de\/wp-content\/uploads\/2023\/08\/Villa-Ephrussi-de-Rothschild-9-768x576.jpg 768w, https:\/\/ruge-reisen-hamburg.de\/wp-content\/uploads\/2023\/08\/Villa-Ephrussi-de-Rothschild-9-1536x1152.jpg 1536w, https:\/\/ruge-reisen-hamburg.de\/wp-content\/uploads\/2023\/08\/Villa-Ephrussi-de-Rothschild-9-2048x1536.jpg 2048w, https:\/\/ruge-reisen-hamburg.de\/wp-content\/uploads\/2023\/08\/Villa-Ephrussi-de-Rothschild-9-1200x900.jpg 1200w\" sizes=\"(max-width: 709px) 85vw, (max-width: 909px) 67vw, (max-width: 1362px) 62vw, 840px\" \/><\/figure>\n<\/div>\n\n\n\n<div class=\"wp-block-column is-layout-flow wp-block-column-is-layout-flow\">\n<figure class=\"wp-block-image size-large\"><img loading=\"lazy\" decoding=\"async\" width=\"1024\" height=\"768\" src=\"http:\/\/ruge-reisen-hamburg.de\/wp-content\/uploads\/2023\/08\/Nizza-Hotel-Negresco-an-der-Promenade-des-Anglaises-2-1024x768.jpg\" alt=\"\" class=\"wp-image-675\" style=\"aspect-ratio:1;object-fit:cover\" srcset=\"https:\/\/ruge-reisen-hamburg.de\/wp-content\/uploads\/2023\/08\/Nizza-Hotel-Negresco-an-der-Promenade-des-Anglaises-2-1024x768.jpg 1024w, https:\/\/ruge-reisen-hamburg.de\/wp-content\/uploads\/2023\/08\/Nizza-Hotel-Negresco-an-der-Promenade-des-Anglaises-2-300x225.jpg 300w, https:\/\/ruge-reisen-hamburg.de\/wp-content\/uploads\/2023\/08\/Nizza-Hotel-Negresco-an-der-Promenade-des-Anglaises-2-768x576.jpg 768w, https:\/\/ruge-reisen-hamburg.de\/wp-content\/uploads\/2023\/08\/Nizza-Hotel-Negresco-an-der-Promenade-des-Anglaises-2-1536x1152.jpg 1536w, https:\/\/ruge-reisen-hamburg.de\/wp-content\/uploads\/2023\/08\/Nizza-Hotel-Negresco-an-der-Promenade-des-Anglaises-2-2048x1536.jpg 2048w, https:\/\/ruge-reisen-hamburg.de\/wp-content\/uploads\/2023\/08\/Nizza-Hotel-Negresco-an-der-Promenade-des-Anglaises-2-1200x900.jpg 1200w\" sizes=\"(max-width: 709px) 85vw, (max-width: 909px) 67vw, (max-width: 1362px) 62vw, 840px\" \/><\/figure>\n<\/div>\n<\/div>\n\n\n\n<p><strong>Bitte fragen Sie das Detailprogramm an<\/strong>. Ich freue mich schon darauf, Sie bei dieser Leserreise zu begr\u00fc\u00dfen.<\/p>\n\n\n\n<div class=\"wp-block-columns is-layout-flex wp-container-core-columns-is-layout-9d6595d7 wp-block-columns-is-layout-flex\">\n<div class=\"wp-block-column is-layout-flow wp-block-column-is-layout-flow\">\n<p class=\"has-small-font-size\"><strong>Leserreise C\u00f4te d\u2019Azur | erschienen in Wohnen &amp; Garten, Dezember 2022, S. 9<\/strong>6-99<\/p>\n<\/div>\n\n\n\n<div class=\"wp-block-column is-layout-flow wp-block-column-is-layout-flow\">\n<div class=\"wp-block-buttons is-content-justification-right is-layout-flex wp-container-core-buttons-is-layout-765c4724 wp-block-buttons-is-layout-flex\">\n<div class=\"wp-block-button has-custom-font-size has-small-font-size\"><a class=\"wp-block-button__link has-white-color has-dark-gray-background-color has-text-color has-background no-border-radius wp-element-button\" href=\"http:\/\/ruge-reisen-hamburg.de\/wp-content\/uploads\/2023\/09\/WohnenundGarten_Dezember2022_S.96-99_Leserreise_Cote_de_Azur.pdf\" target=\"_blank\" rel=\"noopener\">Herunterladen<\/a><\/div>\n<\/div>\n<\/div>\n<\/div>\n","protected":false},"excerpt":{"rendered":"<p>F\u00fcr den\u00a0Wonnemonat Mai\u00a0haben wir f\u00fcr Sie eine\u00a0exklusive Leserreise\u00a0im Angebot, die\u00a0gemeinsam mit dem Journal\u00a0\u201eWohnen &amp; Garten\u201c\u00a0durchgef\u00fchrt wird. Genie\u00dfen Sie im\u00a0Fr\u00fchling\u00a0das Flair der\u00a0franz\u00f6sischen Riviera\u00a0im zauberhaften Licht und entdecken Sie traumhafte mediterrane Landschaften, ber\u00fchmte und private\u00a0Gartenparadiese\u00a0sowie bekannte St\u00e4dte und malerische D\u00f6rfer, die schon viele K\u00fcnstler inspirierten.\u00a0Erleben Sie franz\u00f6sische Lebensart von seiner sch\u00f6nsten Seite und mit allen Sinnen. Bitte &hellip; <a href=\"https:\/\/ruge-reisen-hamburg.de\/?page_id=745\" class=\"more-link\"><span class=\"screen-reader-text\">\u201eC\u00f4te d\u2019Azur &#8211; Traumg\u00e4rten an der blauen K\u00fcste (02.05.-08.05.2023)\u201c <\/span>weiterlesen<\/a><\/p>\n","protected":false},"author":1,"featured_media":0,"parent":0,"menu_order":0,"comment_status":"closed","ping_status":"closed","template":"","meta":{"footnotes":""},"class_list":["post-745","page","type-page","status-publish","hentry"],"_links":{"self":[{"href":"https:\/\/ruge-reisen-hamburg.de\/index.php?rest_route=\/wp\/v2\/pages\/745","targetHints":{"allow":["GET"]}}],"collection":[{"href":"https:\/\/ruge-reisen-hamburg.de\/index.php?rest_route=\/wp\/v2\/pages"}],"about":[{"href":"https:\/\/ruge-reisen-hamburg.de\/index.php?rest_route=\/wp\/v2\/types\/page"}],"author":[{"embeddable":true,"href":"https:\/\/ruge-reisen-hamburg.de\/index.php?rest_route=\/wp\/v2\/users\/1"}],"replies":[{"embeddable":true,"href":"https:\/\/ruge-reisen-hamburg.de\/index.php?rest_route=%2Fwp%2Fv2%2Fcomments&post=745"}],"version-history":[{"count":2,"href":"https:\/\/ruge-reisen-hamburg.de\/index.php?rest_route=\/wp\/v2\/pages\/745\/revisions"}],"predecessor-version":[{"id":750,"href":"https:\/\/ruge-reisen-hamburg.de\/index.php?rest_route=\/wp\/v2\/pages\/745\/revisions\/750"}],"wp:attachment":[{"href":"https:\/\/ruge-reisen-hamburg.de\/index.php?rest_route=%2Fwp%2Fv2%2Fmedia&parent=745"}],"curies":[{"name":"wp","href":"https:\/\/api.w.org\/{rel}","templated":true}]}}