{"id":25,"date":"2019-01-11T18:55:47","date_gmt":"2019-01-11T18:55:47","guid":{"rendered":"http:\/\/ruge-reisen-hamburg.de\/?page_id=25"},"modified":"2019-03-18T19:53:58","modified_gmt":"2019-03-18T19:53:58","slug":"datenschutz","status":"publish","type":"page","link":"https:\/\/ruge-reisen-hamburg.de\/?page_id=25","title":{"rendered":"Datenschutz"},"content":{"rendered":"\n<div class=\"wp-block-file\"><a href=\"http:\/\/ruge-reisen-hamburg.de\/wp-content\/uploads\/2019\/03\/RUGE_REISEN_DATENSCHUTZ.pdf\">RUGE_REISEN_DATENSCHUTZ<\/a><a href=\"http:\/\/ruge-reisen-hamburg.de\/wp-content\/uploads\/2019\/03\/RUGE_REISEN_DATENSCHUTZ.pdf\" class=\"wp-block-file__button\" download>Herunterladen<\/a><\/div>\n\n\n<p><strong>Einwilligungs- und Hinweiserkl\u00e4rung zur Datenverarbeitung im Rahmen des Auftrags- bzw. Kundenverh\u00e4ltnisses <\/strong><\/p>\n<p><strong>&nbsp;1.&nbsp;<\/strong><strong style=\"font-size: 1rem;\">Name und Kontaktdaten des f\u00fcr die Verarbeitung Verantwortlichen<br><\/strong>Diese Datenschutzhinweise gelten f\u00fcr die Datenverarbeitung durch:<\/p>\n<p><strong>RUGE REISEN<br>Konstanze Ruge&nbsp;<\/strong>Einzelunternehmen<br>Isestra\u00dfe 21<br>20144 Hamburg<br>Tel. +49 40 42 93 63 66&nbsp;&nbsp;&nbsp;&nbsp;&nbsp;&nbsp;&nbsp;&nbsp;&nbsp; Fax +49 40 42 93 63 67<br>E-Mail: <u>info@ruge-reisen.de<\/u>&nbsp;&nbsp;&nbsp; Web: <u>www.ruge-reisen.de<\/u><\/p>\n<p><strong>2. Erhebung und Speicherung personenbezogener Daten sowie Art und Zweck und deren Verwendung <br><\/strong><\/p>\n<p>Wenn Sie uns beauftragen oder unser Kunde werden, verarbeiten wir elektronisch folgende Informationen von Ihnen:&nbsp;<\/p>\n<p>\u2022 Stammdaten zur Durchf\u00fchrung und zur Erf\u00fcllung der Reisedienstleistung (Name und Anschrift des Reiseanmelders, E-Mail-Adresse, Telefonnummer, Namen der mitreisenden Personen sowie das Geburtsdatum und die Nationalit\u00e4t&nbsp;aller Reisenden).<\/p>\n<p>\u2022 Ggfs. Legitimationsdaten bei VISA-Antr\u00e4gen (z.B. Daten des Personalausweises\/Reisepasses).<\/p>\n<p>\u2022 Ggfs. Gesundheitsdaten zur Vorbeugung von Unf\u00e4llen und zum Schutz des oder der Reisenden&nbsp;(z.B. Grad k\u00f6rperlicher Behinderung, Schwerbehindertenausweis, Allergien, Schwangerschaften, Lebensmittelunvertr\u00e4glichkeiten).<\/p>\n<p>\u2022 Informationen von Ihnen, die f\u00fcr die Gesch\u00e4ftsabwicklung im Rahmen des Auftrages \/ der Kundenbeziehung&nbsp;notwendig sind.<\/p>\n<p>Die Erhebung dieser Daten erfolgt,<\/p>\n<ul>\n<li>um Sie als unseren Kunden bzw. Auftraggeber identifizieren zu k\u00f6nnen;<\/li>\n<li>um f\u00fcr Sie angemessen t\u00e4tig sein zu k\u00f6nnen;<\/li>\n<li>zur Weitergabe an Reiseunternehmen und\/ oder Hotels, auch au\u00dferhalb der EU;<\/li>\n<li>zur Korrespondenz mit Ihnen;<\/li>\n<li>zur Rechnungsstellung;<\/li>\n<li>zur Archivierung;<\/li>\n<li>zur Abwicklung von evtl. Auseinandersetzungen.<\/li>\n<\/ul>\n<p>Die Datenverarbeitung von uns erfolgt auf Ihre Anfrage hin und ist nach Art. 6 Abs. 1 S. 1 lit. a) bzw. b) DSGVO zu den genannten Zwecken f\u00fcr die angemessene Bearbeitung des Auftrages bzw. der Kundenbeziehung und f\u00fcr die beidseitige Erf\u00fcllung von Verpflichtungen aus bestehenden Vertragsverh\u00e4ltnissen erforderlich.&nbsp;<\/p>\n<p>Ihre f\u00fcr die Abwicklung des Auftrages bzw. im Rahmen der Kundenbeziehung von uns verarbeiteten personenbezogenen Daten werden bis zum Ablauf der gesetzlichen Aufbewahrungspflichten (6 Jahre nach Ablauf des Kalenderjahres, in dem das Rechtsverh\u00e4ltnis beendet wurde,) gespeichert und danach gel\u00f6scht, es sei denn, dass wir nach Art. 6 Abs. 1 S. 1 lit. c. DSGVO aufgrund von steuer- und handelsrechtlichen Aufbewahrungs- und Dokumentationspflichten (aus HGB, StGB oder AO) zu einer l\u00e4ngeren Speicherung verpflichtet sind oder Sie in eine dar\u00fcber hinausgehende Speicherung nach Art. 6 Abs. 1 S. 1 lit. a DSGVO eingewilligt haben.<\/p>\n<p><strong style=\"font-size: 1rem;\">3. Weitergabe von Daten an Dritte<\/strong><\/p>\n<p>Eine \u00dcbermittlung Ihrer pers\u00f6nlichen Daten an Dritte zu anderen als den vorstehend aufgef\u00fchrten Zwecken findet nicht statt. Nur soweit dies nach Art. 6 Abs. 1 S. 1 lit. b DSGVO f\u00fcr die Abwicklung von unserem Rechtsverh\u00e4ltnis mit Ihnen oder nach dem Gesetz erforderlich ist, werden Ihre personenbezogenen Daten an Dritte weitergegeben. Die weitergegebenen Daten d\u00fcrfen von dem Dritten ausschlie\u00dflich zu den genannten Zwecken verwendet werden.<br>Nur soweit dies nach Art. 6 Abs. 1 S. 1 lit. b DSGVO f\u00fcr die Abwicklung von unserem Rechtsverh\u00e4ltnis mit Ihnen oder nach dem Gesetz erforderlich ist, werden Ihre personenbezogenen Daten an Dritte weitergegeben. Die weitergegebenen Daten d\u00fcrfen von dem Dritten ausschlie\u00dflich zu den genannten Zwecken verwendet werden.<br>Wir \u00fcbermitteln Ihre Daten in Staaten au\u00dferhalb der Europ\u00e4ischen Union nur, soweit dies zur Ausf\u00fchrung und Abwicklung der Reisedienstleistungen erforderlich oder gesetzlich vorgeschrieben ist oder Sie uns Ihre Einwilligung erteilt haben (z.B. Fernreisen).<\/p>\n<p><strong style=\"font-size: 1rem;\">4. Ihre Rechte als \u201eBetroffener\u201c der Datenverarbeitung&nbsp;<\/strong><\/p>\n<p>Sie haben das Recht:<\/p>\n<p>1. gem\u00e4\u00df Art. 7 Abs. 3 DSGVO Ihre einmal erteilte Einwilligung jederzeit uns gegen\u00fcber zu widerrufen.&nbsp;Dies hat zur Folge, dass wir die Datenverarbeitung die auf dieser Einwilligung beruhte, f\u00fcr die Zukunft nicht mehr fortf\u00fchren d\u00fcrfen;<\/p>\n<p>2. gem\u00e4\u00df Art. 15 DSGVO Auskunft \u00fcber Ihre von uns verarbeiteten personenbezogenen Daten zu verlangen. Insbesondere k\u00f6nnen Sie Auskunft \u00fcber die Verarbeitungszwecke, die Kategorie der personenbezogenen Daten, die Kategorie von Empf\u00e4ngern, gegen\u00fcber denen Ihre Daten offengelegt wurden oder werden, die geplante Speicherdauer, das Bestehen eines Rechts auf Berichtigung, L\u00f6schung, Einschr\u00e4nkung der Verarbeitung oder Widerspruch, das Bestehen eines Beschwerderechts, die Herkunft ihrer Daten, sofern diese nicht bei uns erhoben wurden, sowie \u00fcber das Bestehen einer automatisierten Entscheidungsfindung einschlie\u00dflich Profiling und ggf. aussagekr\u00e4ftigen Informationen zu deren Einzelheiten verlangen;<\/p>\n<p>3. gem\u00e4\u00df Art. 16 DSGVO unverz\u00fcglich die Berichtigung unrichtiger oder Vervollst\u00e4ndigung Ihrer bei uns gespeicherten personenbezogenen Daten zu verlangen; gem\u00e4\u00df Art. 17 DSGVO die L\u00f6schung Ihrer bei uns gespeicherter personenbezogener Daten zu verlangen, soweit nicht die Verarbeitung zur Aus\u00fcbung des Rechts auf freie Meinungs\u00e4u\u00dferung und Informationen, zur Erf\u00fcllung einer rechtlichen Verpflichtung, aus Gr\u00fcnden des \u00f6ffentlichen Interesses oder zur Geltendmachung, Aus\u00fcbung oder Verteidigung von Rechtsanspr\u00fcchen erforderlich ist;<\/p>\n<p>4. gem\u00e4\u00df Art. 18 DSGVO die Einschr\u00e4nkung der Verarbeitung Ihrer personenbezogener Daten zu verlangen, soweit die Richtigkeit der Daten von Ihnen bestritten wird, die Verarbeitung unrechtm\u00e4\u00dfig ist, Sie aber deren L\u00f6schung ablehnen und wir die Daten nicht mehr ben\u00f6tigen, Sie jedoch diese zur Geltendmachung, Aus\u00fcbung oder Verteidigung von Rechtsanspr\u00fcchen ben\u00f6tigen oder Sie gem\u00e4\u00df Art. 21 DSGVO Widerspruch gegen die Verarbeitung eingelegt haben;<\/p>\n<p>5. gem\u00e4\u00df Art. 20 DSGVO Ihrer personenbezogenen Daten, die Sie uns bereitgestellt haben, in einen strukturierten, g\u00e4ngigen und maschinenlesbaren Format zu erhalten oder die \u00dcbermittlung an einen anderen Verantwortlichen zu verlangen und gem\u00e4\u00df Art. 77 DSGVO sich bei einer Aufsichtsbeh\u00f6rde zu beschweren. In der Regel k\u00f6nnen Sie sich hierf\u00fcr an die Aufsichtsbeh\u00f6rde Ihres \u00fcblichen Aufenthaltsortes oder Arbeitsplatzes oder unseres Unternehmenssitzes wenden.<\/p>\n<p>6. Sofern Ihre personenbezogenen Daten auf Grundlage von berechtigten Interesse gem\u00e4\u00df Art. 6 Abs. 1 S. 1 lit. f. DSGVO verarbeitet werden, gem\u00e4\u00df Art. 21 DSGVO Widerspruch gegen die Verarbeitung Ihrer personenbezogener Daten einzulegen, soweit daf\u00fcr Gr\u00fcnde vorliegen, die sich aus Ihrer besonderen Situation ergeben.<br><strong><br>Die Aufsichtsbeh\u00f6rde ist: <\/strong><\/p>\n<p>Freie und Hansestadt Hamburg; Der Beauftragte f\u00fcr Datenschutz und Informationsfreiheit,&nbsp;Herr Professor Dr. Johannes Caspar, Ludwig-Erhard-Str 22, 7. OG, 20459 Hamburg,&nbsp;Telefon : +49 40 42854 4040, Telefax : +49 40 42854 400,&nbsp;E-Mail : mailbox@datenschutz.hamburg.de<\/p>\n<p><\/p>\n<p><strong>5. Aus\u00fcbung Ihrer Rechte <\/strong><\/p>\n<p>M\u00f6chten Sie von Ihren Rechten als Betroffener der Datenverarbeitung oder von Ihrem Widerspruchsrecht nach Ziffer 4. 6. Gebrauch machen, gen\u00fcgt eine E-Mail an: <u>info@ruge-reisen.de <\/u><\/p>\n<p><strong>Einwilligungserkl\u00e4rung:<\/strong><\/p>\n<p><strong>Ich habe die vorliegende Datenschutzerkl\u00e4rung sorgf\u00e4ltig gelesen und stimme der Verarbeitung meiner im Rahmen des Auftrags- bzw. Kundenverh\u00e4ltnisses ausdr\u00fccklich zu.<\/strong><\/p>\n<p><strong>Ort\/Datum<\/strong>:_________________________<\/p>\n<p><strong>Unterschrift:________________________<\/strong><\/p>","protected":false},"excerpt":{"rendered":"<p>Einwilligungs- und Hinweiserkl\u00e4rung zur Datenverarbeitung im Rahmen des Auftrags- bzw. Kundenverh\u00e4ltnisses &nbsp;1.&nbsp;Name und Kontaktdaten des f\u00fcr die Verarbeitung VerantwortlichenDiese Datenschutzhinweise gelten f\u00fcr die Datenverarbeitung durch: RUGE REISENKonstanze Ruge&nbsp;EinzelunternehmenIsestra\u00dfe 2120144 HamburgTel. +49 40 42 93 63 66&nbsp;&nbsp;&nbsp;&nbsp;&nbsp;&nbsp;&nbsp;&nbsp;&nbsp; Fax +49 40 42 93 63 67E-Mail: info@ruge-reisen.de&nbsp;&nbsp;&nbsp; Web: www.ruge-reisen.de 2. Erhebung und Speicherung personenbezogener Daten sowie Art und &hellip; <a href=\"https:\/\/ruge-reisen-hamburg.de\/?page_id=25\" class=\"more-link\"><span class=\"screen-reader-text\">\u201eDatenschutz\u201c <\/span>weiterlesen<\/a><\/p>\n","protected":false},"author":1,"featured_media":0,"parent":0,"menu_order":0,"comment_status":"closed","ping_status":"closed","template":"","meta":{"footnotes":""},"class_list":["post-25","page","type-page","status-publish","hentry"],"_links":{"self":[{"href":"https:\/\/ruge-reisen-hamburg.de\/index.php?rest_route=\/wp\/v2\/pages\/25","targetHints":{"allow":["GET"]}}],"collection":[{"href":"https:\/\/ruge-reisen-hamburg.de\/index.php?rest_route=\/wp\/v2\/pages"}],"about":[{"href":"https:\/\/ruge-reisen-hamburg.de\/index.php?rest_route=\/wp\/v2\/types\/page"}],"author":[{"embeddable":true,"href":"https:\/\/ruge-reisen-hamburg.de\/index.php?rest_route=\/wp\/v2\/users\/1"}],"replies":[{"embeddable":true,"href":"https:\/\/ruge-reisen-hamburg.de\/index.php?rest_route=%2Fwp%2Fv2%2Fcomments&post=25"}],"version-history":[{"count":11,"href":"https:\/\/ruge-reisen-hamburg.de\/index.php?rest_route=\/wp\/v2\/pages\/25\/revisions"}],"predecessor-version":[{"id":368,"href":"https:\/\/ruge-reisen-hamburg.de\/index.php?rest_route=\/wp\/v2\/pages\/25\/revisions\/368"}],"wp:attachment":[{"href":"https:\/\/ruge-reisen-hamburg.de\/index.php?rest_route=%2Fwp%2Fv2%2Fmedia&parent=25"}],"curies":[{"name":"wp","href":"https:\/\/api.w.org\/{rel}","templated":true}]}}