{"id":11,"date":"2019-01-11T18:56:40","date_gmt":"2019-01-11T18:56:40","guid":{"rendered":"http:\/\/ruge-reisen-hamburg.de\/?page_id=11"},"modified":"2019-12-17T11:58:02","modified_gmt":"2019-12-17T11:58:02","slug":"reiseprogramm","status":"publish","type":"page","link":"https:\/\/ruge-reisen-hamburg.de\/?page_id=11","title":{"rendered":"Download Programm 2019"},"content":{"rendered":"\n<div class=\"wp-block-file\"><a href=\"http:\/\/ruge-reisen-hamburg.de\/wp-content\/uploads\/2019\/03\/RUGE_REISEN_PROGRAMM_2019.pdf\">RUGE_REISEN_PROGRAMM_2019<\/a><a href=\"http:\/\/ruge-reisen-hamburg.de\/wp-content\/uploads\/2019\/03\/RUGE_REISEN_PROGRAMM_2019.pdf\" class=\"wp-block-file__button\" download>Herunterladen<\/a><\/div>\n\n\n\n<p><strong>P:&nbsp;&nbsp;&nbsp;&nbsp;&nbsp;&nbsp;&nbsp;&nbsp;PORTUGAL &#8211; Herrenh\u00e4user und Kamelienbl\u00fcte&nbsp;<\/strong><\/p>\n\n\n\n<p><strong>&nbsp;&nbsp;&nbsp;&nbsp;&nbsp;&nbsp;&nbsp;&nbsp;&nbsp;&nbsp;&nbsp;&nbsp;23.03. &#8211; 28.03.2019&nbsp;&nbsp;&nbsp;&nbsp;<\/strong>&nbsp;&nbsp;&nbsp;&nbsp;&nbsp;&nbsp;&nbsp;&nbsp;&nbsp;&nbsp;&nbsp;&nbsp;&nbsp;&nbsp;&nbsp;&nbsp;&nbsp;&nbsp;&nbsp;&nbsp;&nbsp;&nbsp;&nbsp;&nbsp;&nbsp;&nbsp;&nbsp;&nbsp;&nbsp;&nbsp;&nbsp;&nbsp;&nbsp;&nbsp;<\/p>\n\n\n\n<p>Fr\u00fchjahrsauftakt zur Kamelienbl\u00fcte: Entdecken Sie den l\u00e4ndlichen Charme im Norden Portugals und lassen Sie sich begeistern von kulturellen Sch\u00e4tzen, Perlen der Gartenkunst und noblen Herrenh\u00e4usern. Porto, Guimar\u00e3es, Minhogebiet, Dourotal.&nbsp;<\/p>\n\n\n\n<p><strong>6 Tage&nbsp;&nbsp;KKK &#8211; Gartenreise, Flug&nbsp;&nbsp;&nbsp;&nbsp;&nbsp;&nbsp;&nbsp;&nbsp;&nbsp;&nbsp;&nbsp;&nbsp;&nbsp;\u20ac&nbsp;1.660,-*<\/strong><\/p>\n\n\n\n<hr class=\"wp-block-separator\"\/>\n\n\n\n<p><strong>B:&nbsp;&nbsp;&nbsp;&nbsp;&nbsp;&nbsp;&nbsp;&nbsp;BELGIEN im Bruegel-Jubil\u00e4umsjahr<\/strong><\/p>\n\n\n\n<p><strong>&nbsp;&nbsp;&nbsp;&nbsp;&nbsp;&nbsp;&nbsp;&nbsp;&nbsp;&nbsp;&nbsp;&nbsp;05.05.-11.05.2019&nbsp;&nbsp;&nbsp;&nbsp;&nbsp;&nbsp;<\/strong>&nbsp;&nbsp;&nbsp;&nbsp;&nbsp;&nbsp;&nbsp;&nbsp;&nbsp;&nbsp;&nbsp;&nbsp;<\/p>\n\n\n\n<p>Exklusive Leserreise im Bruegel-Jubil\u00e4umsjahr zu Kunst, Kultur und G\u00e4rten in das K\u00f6nigreich Belgien. In Zusammenarbeit mit&nbsp;<strong>\u201eWohnen &amp; Garten\u201c<\/strong>(Heft 01\/ 2019) . Floralia Br\u00fcssel, Mechelen, Schloss Hex, Europa-Metropole Br\u00fcssel, K\u00f6nigliche Gew\u00e4chsh\u00e4user, Antwerpen, Gartentage von Beervelde.<\/p>\n\n\n\n<p><strong>7 Tage&nbsp;&nbsp;KKK &#8211; Genussreise, Bus&nbsp;&nbsp;&nbsp;&nbsp;&nbsp;&nbsp;&nbsp;&nbsp;&nbsp;&nbsp;&nbsp;&nbsp;&nbsp;&nbsp;\u20ac&nbsp;&nbsp;1.950,-*<\/strong><\/p>\n\n\n\n<hr class=\"wp-block-separator\"\/>\n\n\n\n<p><strong>F:&nbsp;&nbsp;&nbsp;&nbsp;&nbsp;&nbsp;&nbsp;&nbsp;Rosenreise S\u00dcDFRANKREICH<\/strong><\/p>\n\n\n\n<p><strong>&nbsp;&nbsp;&nbsp;&nbsp;&nbsp;&nbsp;&nbsp;&nbsp;&nbsp;&nbsp;&nbsp;&nbsp;21.05.-26.05.2019<\/strong>&nbsp;&nbsp;&nbsp;&nbsp;&nbsp;&nbsp;<\/p>\n\n\n\n<p>Eine besondere Rosenreise der&nbsp;<strong>Gesellschaft Deutscher Rosenfreunde e. V.<\/strong>f\u00fchrt im Wonnemonat Mai zu den sch\u00f6nsten G\u00e4rten und Sehensw\u00fcrdigkeiten in die s\u00fcdfranz\u00f6sischen Regionen Provence und C\u00f4te d\u2019Azur. Nizza, \u00c8ze, Monaco, Fondation Maeght, Rosenz\u00fcchter Meilland, Abtei Thoronet, Grasse, Chagall Museum.<br><br><strong>6 Tage&nbsp;&nbsp;KKK &#8211; Gartenreise, Flug&nbsp;&nbsp;&nbsp;&nbsp;&nbsp;&nbsp;&nbsp;&nbsp;&nbsp;&nbsp;&nbsp;&nbsp;&nbsp;\u20ac&nbsp;1.425,-*&nbsp;&nbsp;&nbsp;&nbsp;&nbsp;<\/strong><\/p>\n\n\n\n<hr class=\"wp-block-separator\"\/>\n\n\n\n<p><strong>PL:&nbsp;&nbsp;&nbsp;&nbsp;&nbsp;&nbsp;KRAKAU &#8211; Perle Polens<\/strong><\/p>\n\n\n\n<p><strong>&nbsp;&nbsp;&nbsp;&nbsp;&nbsp;&nbsp;&nbsp;&nbsp;&nbsp;&nbsp;&nbsp;&nbsp;13.06.-16.06.2019<\/strong>&nbsp;&nbsp;&nbsp;&nbsp;&nbsp;&nbsp;<\/p>\n\n\n\n<p>Exklusive St\u00e4dtereise nach Krakau, f\u00fcr 2019 zur ersten \u201eEurop\u00e4ischen Hauptstadt der gastronomischen Kultur\u201c gek\u00fcrt. Kein Wunder, die einstige Hauptstadt Polens mit wechselvoller Geschichte begeistert heute mit Weltoffenheit, neuen gastronomischen Entdeckungen und einem facettenreichen Kulturleben, voller Kreativit\u00e4t und Lebensfreude.<\/p>\n\n\n\n<p><strong>4 Tage&nbsp;KKK &#8211; St\u00e4dtereise, Flug&nbsp;&nbsp;&nbsp;&nbsp;&nbsp;&nbsp;&nbsp;&nbsp;&nbsp;&nbsp;&nbsp;&nbsp;&nbsp;&nbsp;\u20ac&nbsp;&nbsp;995,-&nbsp;*<\/strong><\/p>\n\n\n\n<hr class=\"wp-block-separator\"\/>\n\n\n\n<p><strong>DK:&nbsp;&nbsp;&nbsp;&nbsp;D\u00c4NEMARK&nbsp;<\/strong><\/p>\n\n\n\n<p><strong>&nbsp;&nbsp;&nbsp;&nbsp;&nbsp;&nbsp;&nbsp;&nbsp;&nbsp;&nbsp;&nbsp;&nbsp;25.06.-30.06.2019&nbsp;&nbsp;&nbsp;&nbsp;&nbsp;&nbsp;<\/strong>&nbsp;&nbsp;&nbsp;&nbsp;&nbsp;&nbsp;&nbsp;&nbsp;&nbsp;&nbsp;&nbsp;&nbsp;<\/p>\n\n\n\n<p>Erlebnisreise f\u00fcr Genie\u00dfer und Freunde feiner Lebensart, in Herrenh\u00f6fen und Schl\u00f6ssern das sch\u00f6ne Nachbarland im Norden erleben. Kopenhagen, Roskilde, Egeskov, Odense, Horsens, Jellinge, Ebeltoft, Kolding.<\/p>\n\n\n\n<p><strong>6&nbsp;Tage&nbsp;&nbsp;KKK &#8211; Genussreise, Flug&nbsp;&nbsp;&nbsp;&nbsp;&nbsp;&nbsp;&nbsp;&nbsp;&nbsp;&nbsp;&nbsp;&nbsp;&nbsp;&nbsp;&nbsp;&nbsp;&nbsp;&nbsp;&nbsp;&nbsp;&nbsp;&nbsp;&nbsp;\u20ac 1.880,-*<\/strong><\/p>\n\n\n\n<hr class=\"wp-block-separator\"\/>\n\n\n\n<p><strong>F:&nbsp;&nbsp;&nbsp;&nbsp;&nbsp;&nbsp;&nbsp;&nbsp;LOIRE &#8211; Schl\u00f6sser und G\u00e4rten<\/strong><\/p>\n\n\n\n<p><strong>&nbsp;&nbsp;&nbsp;&nbsp;&nbsp;&nbsp;&nbsp;&nbsp;&nbsp;&nbsp;&nbsp;&nbsp;25.08.-31.08.2019<\/strong>&nbsp;&nbsp;&nbsp;&nbsp;&nbsp;&nbsp;&nbsp;&nbsp;&nbsp;&nbsp;&nbsp;&nbsp;&nbsp;&nbsp;&nbsp;&nbsp;&nbsp;&nbsp;&nbsp;&nbsp;&nbsp;&nbsp;&nbsp;&nbsp;&nbsp;&nbsp;&nbsp;&nbsp;&nbsp;&nbsp;&nbsp;&nbsp;&nbsp;&nbsp;&nbsp;&nbsp;&nbsp;&nbsp;&nbsp;&nbsp;&nbsp;&nbsp;&nbsp;&nbsp;&nbsp;&nbsp;&nbsp;&nbsp;&nbsp;&nbsp;&nbsp;&nbsp;&nbsp;&nbsp;&nbsp;&nbsp;&nbsp;&nbsp;&nbsp;&nbsp;&nbsp;&nbsp;&nbsp;&nbsp;&nbsp;&nbsp;&nbsp;&nbsp;&nbsp;&nbsp;&nbsp;&nbsp;&nbsp;&nbsp;&nbsp;&nbsp;<\/p>\n\n\n\n<p>Garten- und Kulturreise f\u00fcr die&nbsp;<strong>Freunde des Palmengarten e.V. Frankfurt<\/strong>ins Loiretal zu den G\u00e4rten, Schl\u00f6ssern und Kunstsch\u00e4tzen in Frankreichs &#8222;sch\u00f6nstem Garten&#8220;. Orl\u00e9ans, Tours, Blois, Chambord, Villandry, Amboise, Chenonceau.<\/p>\n\n\n\n<p><strong>7&nbsp;&nbsp;Tage&nbsp;KKK &#8211; Gartenreise,&nbsp;&nbsp;Bus&nbsp;&nbsp;&nbsp;&nbsp;&nbsp;&nbsp;&nbsp;&nbsp;&nbsp;&nbsp;&nbsp;&nbsp;&nbsp;&nbsp;&nbsp;&nbsp;&nbsp;&nbsp;&nbsp;&nbsp;&nbsp;&nbsp;&nbsp;&nbsp;\u20ac 1.275,-*<\/strong><\/p>\n\n\n\n<hr class=\"wp-block-separator\"\/>\n\n\n\n<p><strong>E:&nbsp;&nbsp;&nbsp;&nbsp;&nbsp;&nbsp;&nbsp;&nbsp;BILBAO und BASKENLAND&nbsp;&nbsp;&nbsp;&nbsp;&nbsp;&nbsp;&nbsp;&nbsp;&nbsp;&nbsp;&nbsp;&nbsp;&nbsp;&nbsp;&nbsp;&nbsp;&nbsp;&nbsp;&nbsp;<\/strong><\/p>\n\n\n\n<p><strong>&nbsp;&nbsp;&nbsp;&nbsp;&nbsp;&nbsp;&nbsp;&nbsp;&nbsp;&nbsp;&nbsp;&nbsp;10.09. &#8211; 15.09.2019<\/strong><\/p>\n\n\n\n<p>Spaniens gr\u00fcner Norden mit lebendiger Kulturszene und reicher Tradition der Basken l\u00e4dt ein zu gastronomischen Erlebnissen und spannenden Entdeckungen. Bilbao, Guggenheim Museum, San Sebastian, Laguardia, La Rioja Alavesa. Exklusive Leserreise in Zusammenarbeit mit&nbsp;<strong>\u201eWohnen &amp; Garten\u201c<\/strong>. N\u00e4here Details und Buchung ab Erscheinungsdatum, Heft 4\/ 2019.<br><br><strong>6 Tage&nbsp;&nbsp;KKK &#8211; Genussreise, Flug&nbsp;&nbsp;*&nbsp;&nbsp;&nbsp;&nbsp;&nbsp;&nbsp;&nbsp;&nbsp;&nbsp;&nbsp;<\/strong><\/p>\n\n\n\n<hr class=\"wp-block-separator\"\/>\n\n\n\n<p><strong>I:&nbsp;&nbsp;&nbsp;&nbsp;&nbsp;&nbsp;&nbsp;&nbsp;&nbsp;TRIEST und FRIAUL&nbsp;&nbsp;&nbsp;&nbsp;&nbsp;&nbsp;&nbsp;&nbsp;&nbsp;&nbsp;<\/strong><\/p>\n\n\n\n<p><strong>&nbsp;&nbsp;&nbsp;&nbsp;&nbsp;&nbsp;&nbsp;&nbsp;&nbsp;&nbsp;&nbsp;&nbsp;01.10. &#8211; 06.10.2019<\/strong>&nbsp;&nbsp;&nbsp;&nbsp;&nbsp;&nbsp;&nbsp;&nbsp;&nbsp;&nbsp;&nbsp;&nbsp;&nbsp;&nbsp;&nbsp;&nbsp;&nbsp;&nbsp;&nbsp;&nbsp;&nbsp;&nbsp;&nbsp;&nbsp;&nbsp;&nbsp;&nbsp;&nbsp;&nbsp;&nbsp;&nbsp;&nbsp;&nbsp;&nbsp;&nbsp;&nbsp;&nbsp;&nbsp;<\/p>\n\n\n\n<p>Entdecken Sie Triest, die Hafenstadt und stolze Sch\u00f6nheit am Kaarstgebirge und die reizvolle Umgebung des Friauls, der reichen Kulturlandschaft zwischen Alpen und Adria, einer Schatztruhe voller&nbsp;kultureller Kostbarkeiten und kulinarischer Gen\u00fcsse.&nbsp;Golf von Triest, Schloss Miramare, Schloss Duino, Grado, Cividale del Friuli, Udine.&nbsp;<\/p>\n\n\n\n<p><strong>6 Tage&nbsp;&nbsp;KKK &#8211; Genussreise, Flug&nbsp;&nbsp;&nbsp;&nbsp;&nbsp;&nbsp;&nbsp;&nbsp;&nbsp;&nbsp;&nbsp;&nbsp;\u20ac&nbsp;&nbsp;1.745,-*<\/strong><\/p>\n\n\n\n<hr class=\"wp-block-separator\"\/>\n\n\n\n<p><strong>I:&nbsp;&nbsp;&nbsp;&nbsp;&nbsp;&nbsp;&nbsp;&nbsp;&nbsp;PIEMONT&nbsp;Tr\u00fcffel und Wein&nbsp;&nbsp;&nbsp;&nbsp;&nbsp;&nbsp;&nbsp;<\/strong><\/p>\n\n\n\n<p><strong>&nbsp;&nbsp;&nbsp;&nbsp;&nbsp;&nbsp;&nbsp;&nbsp;&nbsp;&nbsp;&nbsp;&nbsp;23.10. &#8211; 27.10.2019&nbsp;&nbsp;&nbsp;&nbsp;&nbsp;&nbsp;&nbsp;&nbsp;&nbsp;&nbsp;&nbsp;&nbsp;&nbsp;&nbsp;&nbsp;<\/strong>&nbsp;&nbsp;&nbsp;&nbsp;&nbsp;&nbsp;&nbsp;&nbsp;&nbsp;&nbsp;&nbsp;&nbsp;&nbsp;&nbsp;&nbsp;&nbsp;&nbsp;&nbsp;&nbsp;&nbsp;&nbsp;&nbsp;&nbsp;<\/p>\n\n\n\n<p>Herzensangelegenheit f\u00fcr Kenner: Genussreise f\u00fcr Weinfreunde und Feinschmecker durch das herbstliche H\u00fcgelland des Piemonts zur Tr\u00fcffelmesse nach Alba, in die Weinbauregionen des Barolo und Barbaresco sowie in die elegante Hauptstadt Turin.<\/p>\n\n\n\n<p><strong>5 Tage&nbsp;&nbsp;KKK &#8211; Genussreise, Flug&nbsp;&nbsp;&nbsp;&nbsp;&nbsp;&nbsp;&nbsp;&nbsp;&nbsp;&nbsp;&nbsp;&nbsp;&nbsp;&nbsp;&nbsp;&nbsp;&nbsp;&nbsp;&nbsp;&nbsp;&nbsp;&nbsp;&nbsp;&nbsp;\u20ac 1.590,-*<\/strong><\/p>\n\n\n\n<hr class=\"wp-block-separator\"\/>\n\n\n\n<p><strong>MA:&nbsp;&nbsp;&nbsp;&nbsp;MARRAKESCH &#8211; Zauber&nbsp;&nbsp;&nbsp;des Orients&nbsp;&nbsp;&nbsp;&nbsp;&nbsp;&nbsp;&nbsp;&nbsp;&nbsp;&nbsp;&nbsp;&nbsp;&nbsp;&nbsp;&nbsp;&nbsp;&nbsp;&nbsp;&nbsp;&nbsp;&nbsp;&nbsp;&nbsp;&nbsp;&nbsp;&nbsp;&nbsp;&nbsp;&nbsp;&nbsp;&nbsp;&nbsp;&nbsp;&nbsp;&nbsp;&nbsp;&nbsp;&nbsp;&nbsp;&nbsp;&nbsp;&nbsp;&nbsp;&nbsp;&nbsp;&nbsp;&nbsp;&nbsp;&nbsp;&nbsp;&nbsp;&nbsp;&nbsp;&nbsp;&nbsp;&nbsp;&nbsp;&nbsp;&nbsp;&nbsp;&nbsp;&nbsp;<\/strong><\/p>\n\n\n\n<p><strong>&nbsp;&nbsp;&nbsp;&nbsp;&nbsp;&nbsp;&nbsp;&nbsp;&nbsp;&nbsp;&nbsp;&nbsp;<\/strong><strong>02.11. &#8211; 07.11.2019<\/strong><\/p>\n\n\n\n<p>Geheimnisvoller Orient, Kasbahs und Oasen des S\u00fcdens, verf\u00fchrerische D\u00fcfte und leuchtende Farben: erleben Sie mit allen Sinnen den Zauber der m\u00e4rchenhaften K\u00f6nigsstadt Marrakesch und seiner reizvollen Umgebung. Bestaunen Sie die lebhaften Souks, Pal\u00e4ste und G\u00e4rten, genie\u00dfen Sie orientalische Spezialit\u00e4ten und entspannen Sie in Ihrer edlen Herberge. Detailprogramm und Preis ab Mitte Februar 2019 verf\u00fcgbar.<\/p>\n\n\n\n<p><strong>6 Tage&nbsp;KKK &#8211; Genussreise, Flug&nbsp;&nbsp;&nbsp;*&nbsp;&nbsp;&nbsp;&nbsp;&nbsp;&nbsp;&nbsp;&nbsp;&nbsp;<\/strong><\/p>\n\n\n\n<p style=\"font-size:10px\"><em>\ufeff* Alle Angaben ohne Gew\u00e4hr. Reise- und Preis\u00e4nderungen vorbehalten.<\/em><\/p>\n","protected":false},"excerpt":{"rendered":"<p>P:&nbsp;&nbsp;&nbsp;&nbsp;&nbsp;&nbsp;&nbsp;&nbsp;PORTUGAL &#8211; Herrenh\u00e4user und Kamelienbl\u00fcte&nbsp; &nbsp;&nbsp;&nbsp;&nbsp;&nbsp;&nbsp;&nbsp;&nbsp;&nbsp;&nbsp;&nbsp;&nbsp;23.03. &#8211; 28.03.2019&nbsp;&nbsp;&nbsp;&nbsp;&nbsp;&nbsp;&nbsp;&nbsp;&nbsp;&nbsp;&nbsp;&nbsp;&nbsp;&nbsp;&nbsp;&nbsp;&nbsp;&nbsp;&nbsp;&nbsp;&nbsp;&nbsp;&nbsp;&nbsp;&nbsp;&nbsp;&nbsp;&nbsp;&nbsp;&nbsp;&nbsp;&nbsp;&nbsp;&nbsp;&nbsp;&nbsp;&nbsp;&nbsp; Fr\u00fchjahrsauftakt zur Kamelienbl\u00fcte: Entdecken Sie den l\u00e4ndlichen Charme im Norden Portugals und lassen Sie sich begeistern von kulturellen Sch\u00e4tzen, Perlen der Gartenkunst und noblen Herrenh\u00e4usern. Porto, Guimar\u00e3es, Minhogebiet, Dourotal.&nbsp; 6 Tage&nbsp;&nbsp;KKK &#8211; Gartenreise, Flug&nbsp;&nbsp;&nbsp;&nbsp;&nbsp;&nbsp;&nbsp;&nbsp;&nbsp;&nbsp;&nbsp;&nbsp;&nbsp;\u20ac&nbsp;1.660,-* B:&nbsp;&nbsp;&nbsp;&nbsp;&nbsp;&nbsp;&nbsp;&nbsp;BELGIEN im Bruegel-Jubil\u00e4umsjahr &nbsp;&nbsp;&nbsp;&nbsp;&nbsp;&nbsp;&nbsp;&nbsp;&nbsp;&nbsp;&nbsp;&nbsp;05.05.-11.05.2019&nbsp;&nbsp;&nbsp;&nbsp;&nbsp;&nbsp;&nbsp;&nbsp;&nbsp;&nbsp;&nbsp;&nbsp;&nbsp;&nbsp;&nbsp;&nbsp;&nbsp;&nbsp; Exklusive Leserreise im Bruegel-Jubil\u00e4umsjahr zu Kunst, Kultur und G\u00e4rten &hellip; <a href=\"https:\/\/ruge-reisen-hamburg.de\/?page_id=11\" class=\"more-link\"><span class=\"screen-reader-text\">\u201eDownload Programm 2019\u201c <\/span>weiterlesen<\/a><\/p>\n","protected":false},"author":1,"featured_media":0,"parent":0,"menu_order":0,"comment_status":"closed","ping_status":"closed","template":"","meta":{"footnotes":""},"class_list":["post-11","page","type-page","status-publish","hentry"],"_links":{"self":[{"href":"https:\/\/ruge-reisen-hamburg.de\/index.php?rest_route=\/wp\/v2\/pages\/11","targetHints":{"allow":["GET"]}}],"collection":[{"href":"https:\/\/ruge-reisen-hamburg.de\/index.php?rest_route=\/wp\/v2\/pages"}],"about":[{"href":"https:\/\/ruge-reisen-hamburg.de\/index.php?rest_route=\/wp\/v2\/types\/page"}],"author":[{"embeddable":true,"href":"https:\/\/ruge-reisen-hamburg.de\/index.php?rest_route=\/wp\/v2\/users\/1"}],"replies":[{"embeddable":true,"href":"https:\/\/ruge-reisen-hamburg.de\/index.php?rest_route=%2Fwp%2Fv2%2Fcomments&post=11"}],"version-history":[{"count":8,"href":"https:\/\/ruge-reisen-hamburg.de\/index.php?rest_route=\/wp\/v2\/pages\/11\/revisions"}],"predecessor-version":[{"id":433,"href":"https:\/\/ruge-reisen-hamburg.de\/index.php?rest_route=\/wp\/v2\/pages\/11\/revisions\/433"}],"wp:attachment":[{"href":"https:\/\/ruge-reisen-hamburg.de\/index.php?rest_route=%2Fwp%2Fv2%2Fmedia&parent=11"}],"curies":[{"name":"wp","href":"https:\/\/api.w.org\/{rel}","templated":true}]}}